{"id":374,"date":"2019-07-01T14:47:01","date_gmt":"2019-07-01T13:47:01","guid":{"rendered":"http:\/\/www.benoitcommunication.fr\/?page_id=374"},"modified":"2019-07-01T14:47:01","modified_gmt":"2019-07-01T13:47:01","slug":"tarifs","status":"publish","type":"page","link":"https:\/\/www.benoitcommunication.fr\/?page_id=374","title":{"rendered":"Tarifs"},"content":{"rendered":"\n<p><em>Formation :<\/em><\/p>\n\n\n\n<p>En INTRA, chez le client, \u00e0 Paris et r\u00e9gion parisienne, pour 12 pers. max : 1500 euros HT<\/p>\n\n\n\n<p>Toute modification \u00e0 cette base peut entrainer des ajustements tarifaires.<\/p>\n\n\n\n<p>Certifi\u00e9 organisme de formation ces tarifs s&rsquo;entendent HT.<\/p>\n\n\n\n<p><\/p>\n\n\n\n<p><em>Coaching :<\/em> <\/p>\n\n\n\n<p>Remplissez le formulaire de contact <a href=\"http:\/\/www.benoitcommunication.fr\/?page_id=120\">ici <\/a><\/p>\n","protected":false},"excerpt":{"rendered":"<p>Formation : En INTRA, chez le client, \u00e0 Paris et r\u00e9gion parisienne, pour 12 pers. max : 1500 euros HT Toute modification \u00e0 cette base peut entrainer des ajustements tarifaires. Certifi\u00e9 organisme de formation ces tarifs s&rsquo;entendent HT. Coaching : Remplissez le formulaire de contact ici<\/p>\n","protected":false},"author":1,"featured_media":0,"parent":0,"menu_order":0,"comment_status":"closed","ping_status":"closed","template":"","meta":{"_themeisle_gutenberg_block_has_review":false,"footnotes":""},"class_list":["post-374","page","type-page","status-publish","hentry"],"_links":{"self":[{"href":"https:\/\/www.benoitcommunication.fr\/index.php?rest_route=\/wp\/v2\/pages\/374","targetHints":{"allow":["GET"]}}],"collection":[{"href":"https:\/\/www.benoitcommunication.fr\/index.php?rest_route=\/wp\/v2\/pages"}],"about":[{"href":"https:\/\/www.benoitcommunication.fr\/index.php?rest_route=\/wp\/v2\/types\/page"}],"author":[{"embeddable":true,"href":"https:\/\/www.benoitcommunication.fr\/index.php?rest_route=\/wp\/v2\/users\/1"}],"replies":[{"embeddable":true,"href":"https:\/\/www.benoitcommunication.fr\/index.php?rest_route=%2Fwp%2Fv2%2Fcomments&post=374"}],"version-history":[{"count":3,"href":"https:\/\/www.benoitcommunication.fr\/index.php?rest_route=\/wp\/v2\/pages\/374\/revisions"}],"predecessor-version":[{"id":377,"href":"https:\/\/www.benoitcommunication.fr\/index.php?rest_route=\/wp\/v2\/pages\/374\/revisions\/377"}],"wp:attachment":[{"href":"https:\/\/www.benoitcommunication.fr\/index.php?rest_route=%2Fwp%2Fv2%2Fmedia&parent=374"}],"curies":[{"name":"wp","href":"https:\/\/api.w.org\/{rel}","templated":true}]}}